{"id":4010,"date":"2023-05-27T13:45:33","date_gmt":"2023-05-27T11:45:33","guid":{"rendered":"https:\/\/moneycare.ch\/faq-items\/combien-me-coute-le-dedouanement-de-mon-vehicule-et-la-recuperation-de-la-tva\/"},"modified":"2023-12-12T14:29:12","modified_gmt":"2023-12-12T13:29:12","slug":"combien-me-coute-le-dedouanement-de-mon-vehicule-et-la-recuperation-de-la-tva","status":"publish","type":"avada_faq","link":"https:\/\/moneycare.ch\/fr\/faq-items\/combien-me-coute-le-dedouanement-de-mon-vehicule-et-la-recuperation-de-la-tva\/","title":{"rendered":"Combien me co\u00fbte le d\u00e9douanement de mon v\u00e9hicule et la r\u00e9cup\u00e9ration de la TVA?"},"content":{"rendered":"<div class=\"fusion-fullwidth fullwidth-box fusion-builder-row-1 fusion-flex-container has-pattern-background has-mask-background nonhundred-percent-fullwidth non-hundred-percent-height-scrolling\" style=\"--awb-border-radius-top-left:0px;--awb-border-radius-top-right:0px;--awb-border-radius-bottom-right:0px;--awb-border-radius-bottom-left:0px;--awb-padding-top:0px;--awb-padding-right:0px;--awb-padding-bottom:0px;--awb-padding-left:0px;--awb-padding-top-medium:0px;--awb-padding-right-medium:0px;--awb-padding-bottom-medium:0px;--awb-padding-left-medium:0px;--awb-padding-top-small:0px;--awb-padding-right-small:0px;--awb-padding-bottom-small:0px;--awb-padding-left-small:0px;--awb-flex-wrap:wrap;\" ><div class=\"fusion-builder-row fusion-row fusion-flex-align-items-flex-start fusion-flex-content-wrap\" style=\"max-width:1331.2px;margin-left: calc(-4% \/ 2 );margin-right: calc(-4% \/ 2 );\"><div class=\"fusion-layout-column fusion_builder_column fusion-builder-column-0 fusion_builder_column_1_1 1_1 fusion-flex-column\" style=\"--awb-bg-size:cover;--awb-width-large:100%;--awb-margin-top-large:0px;--awb-spacing-right-large:1.92%;--awb-margin-bottom-large:0px;--awb-spacing-left-large:1.92%;--awb-width-medium:100%;--awb-spacing-right-medium:1.92%;--awb-spacing-left-medium:1.92%;--awb-width-small:100%;--awb-spacing-right-small:1.92%;--awb-spacing-left-small:1.92%;\"><div class=\"fusion-column-wrapper fusion-flex-justify-content-flex-start fusion-content-layout-column\"><div class=\"fusion-text fusion-text-1\"><p>Merci de vous int\u00e9resser \u00e0 nos solutions!<\/p>\n<p>Afin de pouvoir vous fournir une r\u00e9ponse compl\u00e8te, nous vous prions de nous envoyer une demande d\u2019offre \u00e0 l\u2019adresse \u00e9lectronique <a style=\"color: #00ada4; text-decoration: underline;\" href=\"mailto:order@moneycare.ch\"><strong>order@moneycare.ch<\/strong><\/a>. Veuillez noter: Afin de pouvoir \u00e9tablir une offre aussi pr\u00e9cise que possible, nous avons besoin<\/p>\n<ul>\n<li>du permis de circulation du v\u00e9hicule<\/li>\n<li>du contrat de leasing ou d&rsquo;achat<\/li>\n<li>du kilom\u00e9trage<\/li>\n<li>du domicile de votre collaborateur frontalier<\/li>\n<\/ul>\n<\/div><\/div><\/div><\/div><\/div>\n","protected":false},"excerpt":{"rendered":"","protected":false},"author":1,"featured_media":0,"menu_order":0,"comment_status":"open","ping_status":"closed","template":"","format":"standard","meta":{"footnotes":""},"faq_category":[],"class_list":["post-4010","avada_faq","type-avada_faq","status-publish","format-standard","hentry"],"yoast_head":"<!-- This site is optimized with the Yoast SEO plugin v27.3 - https:\/\/yoast.com\/product\/yoast-seo-wordpress\/ -->\n<title>Combien me co\u00fbte le d\u00e9douanement de mon v\u00e9hicule et la r\u00e9cup\u00e9ration de la TVA? - Moneycare AG<\/title>\n<meta name=\"robots\" content=\"index, follow, max-snippet:-1, max-image-preview:large, max-video-preview:-1\" \/>\n<link rel=\"canonical\" href=\"https:\/\/moneycare.ch\/fr\/faq-items\/combien-me-coute-le-dedouanement-de-mon-vehicule-et-la-recuperation-de-la-tva\/\" \/>\n<meta property=\"og:locale\" content=\"fr_FR\" \/>\n<meta property=\"og:type\" content=\"article\" \/>\n<meta property=\"og:title\" content=\"Combien me co\u00fbte le d\u00e9douanement de mon v\u00e9hicule et la r\u00e9cup\u00e9ration de la TVA? - Moneycare AG\" \/>\n<meta property=\"og:url\" content=\"https:\/\/moneycare.ch\/fr\/faq-items\/combien-me-coute-le-dedouanement-de-mon-vehicule-et-la-recuperation-de-la-tva\/\" \/>\n<meta property=\"og:site_name\" content=\"Moneycare AG\" \/>\n<meta property=\"article:modified_time\" content=\"2023-12-12T13:29:12+00:00\" \/>\n<meta name=\"twitter:card\" content=\"summary_large_image\" \/>\n<meta name=\"twitter:label1\" content=\"Dur\u00e9e de lecture estim\u00e9e\" \/>\n\t<meta name=\"twitter:data1\" content=\"3 minutes\" \/>\n<script type=\"application\/ld+json\" class=\"yoast-schema-graph\">{\"@context\":\"https:\\\/\\\/schema.org\",\"@graph\":[{\"@type\":\"WebPage\",\"@id\":\"https:\\\/\\\/moneycare.ch\\\/fr\\\/faq-items\\\/combien-me-coute-le-dedouanement-de-mon-vehicule-et-la-recuperation-de-la-tva\\\/\",\"url\":\"https:\\\/\\\/moneycare.ch\\\/fr\\\/faq-items\\\/combien-me-coute-le-dedouanement-de-mon-vehicule-et-la-recuperation-de-la-tva\\\/\",\"name\":\"Combien me co\u00fbte le d\u00e9douanement de mon v\u00e9hicule et la r\u00e9cup\u00e9ration de la TVA? - Moneycare AG\",\"isPartOf\":{\"@id\":\"https:\\\/\\\/moneycare.ch\\\/fr\\\/#website\"},\"datePublished\":\"2023-05-27T11:45:33+00:00\",\"dateModified\":\"2023-12-12T13:29:12+00:00\",\"breadcrumb\":{\"@id\":\"https:\\\/\\\/moneycare.ch\\\/fr\\\/faq-items\\\/combien-me-coute-le-dedouanement-de-mon-vehicule-et-la-recuperation-de-la-tva\\\/#breadcrumb\"},\"inLanguage\":\"fr-FR\",\"potentialAction\":[{\"@type\":\"ReadAction\",\"target\":[\"https:\\\/\\\/moneycare.ch\\\/fr\\\/faq-items\\\/combien-me-coute-le-dedouanement-de-mon-vehicule-et-la-recuperation-de-la-tva\\\/\"]}]},{\"@type\":\"BreadcrumbList\",\"@id\":\"https:\\\/\\\/moneycare.ch\\\/fr\\\/faq-items\\\/combien-me-coute-le-dedouanement-de-mon-vehicule-et-la-recuperation-de-la-tva\\\/#breadcrumb\",\"itemListElement\":[{\"@type\":\"ListItem\",\"position\":1,\"name\":\"Home\",\"item\":\"https:\\\/\\\/moneycare.ch\\\/fr\\\/accueil\\\/\"},{\"@type\":\"ListItem\",\"position\":2,\"name\":\"FAQs\",\"item\":\"https:\\\/\\\/moneycare.ch\\\/fr\\\/faq-items\\\/\"},{\"@type\":\"ListItem\",\"position\":3,\"name\":\"Combien me co\u00fbte le d\u00e9douanement de mon v\u00e9hicule et la r\u00e9cup\u00e9ration de la TVA?\"}]},{\"@type\":\"WebSite\",\"@id\":\"https:\\\/\\\/moneycare.ch\\\/fr\\\/#website\",\"url\":\"https:\\\/\\\/moneycare.ch\\\/fr\\\/\",\"name\":\"Moneycare AG\",\"description\":\"EU-Fahrzeugverzollung, Mehrwertsteuerr\u00fcckerstattung und\\\/oder Mehrwertsteuer-Registrierung f\u00fcr Gesch\u00e4ftsfahrzeuge von Grenzg\u00e4ngern\",\"publisher\":{\"@id\":\"https:\\\/\\\/moneycare.ch\\\/fr\\\/#organization\"},\"potentialAction\":[{\"@type\":\"SearchAction\",\"target\":{\"@type\":\"EntryPoint\",\"urlTemplate\":\"https:\\\/\\\/moneycare.ch\\\/fr\\\/?s={search_term_string}\"},\"query-input\":{\"@type\":\"PropertyValueSpecification\",\"valueRequired\":true,\"valueName\":\"search_term_string\"}}],\"inLanguage\":\"fr-FR\"},{\"@type\":\"Organization\",\"@id\":\"https:\\\/\\\/moneycare.ch\\\/fr\\\/#organization\",\"name\":\"Moneycare AG\",\"url\":\"https:\\\/\\\/moneycare.ch\\\/fr\\\/\",\"logo\":{\"@type\":\"ImageObject\",\"inLanguage\":\"fr-FR\",\"@id\":\"https:\\\/\\\/moneycare.ch\\\/fr\\\/#\\\/schema\\\/logo\\\/image\\\/\",\"url\":\"https:\\\/\\\/moneycare.ch\\\/wp-content\\\/uploads\\\/2023\\\/04\\\/Logo_rechteckig.png\",\"contentUrl\":\"https:\\\/\\\/moneycare.ch\\\/wp-content\\\/uploads\\\/2023\\\/04\\\/Logo_rechteckig.png\",\"width\":2500,\"height\":1500,\"caption\":\"Moneycare AG\"},\"image\":{\"@id\":\"https:\\\/\\\/moneycare.ch\\\/fr\\\/#\\\/schema\\\/logo\\\/image\\\/\"}}]}<\/script>\n<!-- \/ Yoast SEO plugin. -->","yoast_head_json":{"title":"Combien me co\u00fbte le d\u00e9douanement de mon v\u00e9hicule et la r\u00e9cup\u00e9ration de la TVA? - Moneycare AG","robots":{"index":"index","follow":"follow","max-snippet":"max-snippet:-1","max-image-preview":"max-image-preview:large","max-video-preview":"max-video-preview:-1"},"canonical":"https:\/\/moneycare.ch\/fr\/faq-items\/combien-me-coute-le-dedouanement-de-mon-vehicule-et-la-recuperation-de-la-tva\/","og_locale":"fr_FR","og_type":"article","og_title":"Combien me co\u00fbte le d\u00e9douanement de mon v\u00e9hicule et la r\u00e9cup\u00e9ration de la TVA? - Moneycare AG","og_url":"https:\/\/moneycare.ch\/fr\/faq-items\/combien-me-coute-le-dedouanement-de-mon-vehicule-et-la-recuperation-de-la-tva\/","og_site_name":"Moneycare AG","article_modified_time":"2023-12-12T13:29:12+00:00","twitter_card":"summary_large_image","twitter_misc":{"Dur\u00e9e de lecture estim\u00e9e":"3 minutes"},"schema":{"@context":"https:\/\/schema.org","@graph":[{"@type":"WebPage","@id":"https:\/\/moneycare.ch\/fr\/faq-items\/combien-me-coute-le-dedouanement-de-mon-vehicule-et-la-recuperation-de-la-tva\/","url":"https:\/\/moneycare.ch\/fr\/faq-items\/combien-me-coute-le-dedouanement-de-mon-vehicule-et-la-recuperation-de-la-tva\/","name":"Combien me co\u00fbte le d\u00e9douanement de mon v\u00e9hicule et la r\u00e9cup\u00e9ration de la TVA? - Moneycare AG","isPartOf":{"@id":"https:\/\/moneycare.ch\/fr\/#website"},"datePublished":"2023-05-27T11:45:33+00:00","dateModified":"2023-12-12T13:29:12+00:00","breadcrumb":{"@id":"https:\/\/moneycare.ch\/fr\/faq-items\/combien-me-coute-le-dedouanement-de-mon-vehicule-et-la-recuperation-de-la-tva\/#breadcrumb"},"inLanguage":"fr-FR","potentialAction":[{"@type":"ReadAction","target":["https:\/\/moneycare.ch\/fr\/faq-items\/combien-me-coute-le-dedouanement-de-mon-vehicule-et-la-recuperation-de-la-tva\/"]}]},{"@type":"BreadcrumbList","@id":"https:\/\/moneycare.ch\/fr\/faq-items\/combien-me-coute-le-dedouanement-de-mon-vehicule-et-la-recuperation-de-la-tva\/#breadcrumb","itemListElement":[{"@type":"ListItem","position":1,"name":"Home","item":"https:\/\/moneycare.ch\/fr\/accueil\/"},{"@type":"ListItem","position":2,"name":"FAQs","item":"https:\/\/moneycare.ch\/fr\/faq-items\/"},{"@type":"ListItem","position":3,"name":"Combien me co\u00fbte le d\u00e9douanement de mon v\u00e9hicule et la r\u00e9cup\u00e9ration de la TVA?"}]},{"@type":"WebSite","@id":"https:\/\/moneycare.ch\/fr\/#website","url":"https:\/\/moneycare.ch\/fr\/","name":"Moneycare AG","description":"EU-Fahrzeugverzollung, Mehrwertsteuerr\u00fcckerstattung und\/oder Mehrwertsteuer-Registrierung f\u00fcr Gesch\u00e4ftsfahrzeuge von Grenzg\u00e4ngern","publisher":{"@id":"https:\/\/moneycare.ch\/fr\/#organization"},"potentialAction":[{"@type":"SearchAction","target":{"@type":"EntryPoint","urlTemplate":"https:\/\/moneycare.ch\/fr\/?s={search_term_string}"},"query-input":{"@type":"PropertyValueSpecification","valueRequired":true,"valueName":"search_term_string"}}],"inLanguage":"fr-FR"},{"@type":"Organization","@id":"https:\/\/moneycare.ch\/fr\/#organization","name":"Moneycare AG","url":"https:\/\/moneycare.ch\/fr\/","logo":{"@type":"ImageObject","inLanguage":"fr-FR","@id":"https:\/\/moneycare.ch\/fr\/#\/schema\/logo\/image\/","url":"https:\/\/moneycare.ch\/wp-content\/uploads\/2023\/04\/Logo_rechteckig.png","contentUrl":"https:\/\/moneycare.ch\/wp-content\/uploads\/2023\/04\/Logo_rechteckig.png","width":2500,"height":1500,"caption":"Moneycare AG"},"image":{"@id":"https:\/\/moneycare.ch\/fr\/#\/schema\/logo\/image\/"}}]}},"_links":{"self":[{"href":"https:\/\/moneycare.ch\/fr\/wp-json\/wp\/v2\/avada_faq\/4010","targetHints":{"allow":["GET"]}}],"collection":[{"href":"https:\/\/moneycare.ch\/fr\/wp-json\/wp\/v2\/avada_faq"}],"about":[{"href":"https:\/\/moneycare.ch\/fr\/wp-json\/wp\/v2\/types\/avada_faq"}],"author":[{"embeddable":true,"href":"https:\/\/moneycare.ch\/fr\/wp-json\/wp\/v2\/users\/1"}],"replies":[{"embeddable":true,"href":"https:\/\/moneycare.ch\/fr\/wp-json\/wp\/v2\/comments?post=4010"}],"version-history":[{"count":12,"href":"https:\/\/moneycare.ch\/fr\/wp-json\/wp\/v2\/avada_faq\/4010\/revisions"}],"predecessor-version":[{"id":4263,"href":"https:\/\/moneycare.ch\/fr\/wp-json\/wp\/v2\/avada_faq\/4010\/revisions\/4263"}],"wp:attachment":[{"href":"https:\/\/moneycare.ch\/fr\/wp-json\/wp\/v2\/media?parent=4010"}],"wp:term":[{"taxonomy":"faq_category","embeddable":true,"href":"https:\/\/moneycare.ch\/fr\/wp-json\/wp\/v2\/faq_category?post=4010"}],"curies":[{"name":"wp","href":"https:\/\/api.w.org\/{rel}","templated":true}]}}

Combien me coûte le dédouanement de mon véhicule et la récupération de la TVA?

<div class="fusion-fullwidth fullwidth-box fusion-builder-row-1 fusion-flex-container has-pattern-background has-mask-background nonhundred-percent-fullwidth non-hundred-percent-height-scrolling" style="--awb-border-radius-top-left:0px;--awb-border-radius-top-right:0px;--awb-border-radius-bottom-right:0px;--awb-border-radius-bottom-left:0px;--awb-padding-top:0px;--awb-padding-right:0px;--awb-padding-bottom:0px;--awb-padding-left:0px;--awb-padding-top-medium:0px;--awb-padding-right-medium:0px;--awb-padding-bottom-medium:0px;--awb-padding-left-medium:0px;--awb-padding-top-small:0px;--awb-padding-right-small:0px;--awb-padding-bottom-small:0px;--awb-padding-left-small:0px;--awb-flex-wrap:wrap;" ><div class="fusion-builder-row fusion-row fusion-flex-align-items-flex-start fusion-flex-content-wrap" style="max-width:1331.2px;margin-left: calc(-4% / 2 );margin-right: calc(-4% / 2 );"><div class="fusion-layout-column fusion_builder_column fusion-builder-column-0 fusion_builder_column_1_1 1_1 fusion-flex-column" style="--awb-bg-size:cover;--awb-width-large:100%;--awb-margin-top-large:0px;--awb-spacing-right-large:1.92%;--awb-margin-bottom-large:0px;--awb-spacing-left-large:1.92%;--awb-width-medium:100%;--awb-spacing-right-medium:1.92%;--awb-spacing-left-medium:1.92%;--awb-width-small:100%;--awb-spacing-right-small:1.92%;--awb-spacing-left-small:1.92%;"><div class="fusion-column-wrapper fusion-flex-justify-content-flex-start fusion-content-layout-column"><div class="fusion-text fusion-text-1"><p>Merci de vous intéresser à nos solutions!</p>
<p>Afin de pouvoir vous fournir une réponse complète, nous vous prions de nous envoyer une demande d’offre à l’adresse électronique <a style="color: #00ada4; text-decoration: underline;" href="mailto:order@moneycare.ch"><strong>order@moneycare.ch</strong></a>. Veuillez noter: Afin de pouvoir établir une offre aussi précise que possible, nous avons besoin</p>
<ul>
<li>du permis de circulation du véhicule</li>
<li>du contrat de leasing ou d&rsquo;achat</li>
<li>du kilométrage</li>
<li>du domicile de votre collaborateur frontalier</li>
</ul>
</div></div></div></div></div>

<!-- This site is optimized with the Yoast SEO plugin v27.3 - https://yoast.com/product/yoast-seo-wordpress/ -->
<title>Combien me coûte le dédouanement de mon véhicule et la récupération de la TVA? - Moneycare AG</title>
<meta name="robots" content="index, follow, max-snippet:-1, max-image-preview:large, max-video-preview:-1" />
<link rel="canonical" href="https://moneycare.ch/fr/faq-items/combien-me-coute-le-dedouanement-de-mon-vehicule-et-la-recuperation-de-la-tva/" />
<meta property="og:locale" content="fr_FR" />
<meta property="og:type" content="article" />
<meta property="og:title" content="Combien me coûte le dédouanement de mon véhicule et la récupération de la TVA? - Moneycare AG" />
<meta property="og:url" content="https://moneycare.ch/fr/faq-items/combien-me-coute-le-dedouanement-de-mon-vehicule-et-la-recuperation-de-la-tva/" />
<meta property="og:site_name" content="Moneycare AG" />
<meta property="article:modified_time" content="2023-12-12T13:29:12+00:00" />
<meta name="twitter:card" content="summary_large_image" />
<meta name="twitter:label1" content="Durée de lecture estimée" />
	<meta name="twitter:data1" content="3 minutes" />
<script type="application/ld+json" class="yoast-schema-graph">{"@context":"https:\/\/schema.org","@graph":[{"@type":"WebPage","@id":"https:\/\/moneycare.ch\/fr\/faq-items\/combien-me-coute-le-dedouanement-de-mon-vehicule-et-la-recuperation-de-la-tva\/","url":"https:\/\/moneycare.ch\/fr\/faq-items\/combien-me-coute-le-dedouanement-de-mon-vehicule-et-la-recuperation-de-la-tva\/","name":"Combien me coûte le dédouanement de mon véhicule et la récupération de la TVA? - Moneycare AG","isPartOf":{"@id":"https:\/\/moneycare.ch\/fr\/#website"},"datePublished":"2023-05-27T11:45:33+00:00","dateModified":"2023-12-12T13:29:12+00:00","breadcrumb":{"@id":"https:\/\/moneycare.ch\/fr\/faq-items\/combien-me-coute-le-dedouanement-de-mon-vehicule-et-la-recuperation-de-la-tva\/#breadcrumb"},"inLanguage":"fr-FR","potentialAction":[{"@type":"ReadAction","target":["https:\/\/moneycare.ch\/fr\/faq-items\/combien-me-coute-le-dedouanement-de-mon-vehicule-et-la-recuperation-de-la-tva\/"]}]},{"@type":"BreadcrumbList","@id":"https:\/\/moneycare.ch\/fr\/faq-items\/combien-me-coute-le-dedouanement-de-mon-vehicule-et-la-recuperation-de-la-tva\/#breadcrumb","itemListElement":[{"@type":"ListItem","position":1,"name":"Home","item":"https:\/\/moneycare.ch\/fr\/accueil\/"},{"@type":"ListItem","position":2,"name":"FAQs","item":"https:\/\/moneycare.ch\/fr\/faq-items\/"},{"@type":"ListItem","position":3,"name":"Combien me coûte le dédouanement de mon véhicule et la récupération de la TVA?"}]},{"@type":"WebSite","@id":"https:\/\/moneycare.ch\/fr\/#website","url":"https:\/\/moneycare.ch\/fr\/","name":"Moneycare AG","description":"EU-Fahrzeugverzollung, Mehrwertsteuerrückerstattung und\/oder Mehrwertsteuer-Registrierung für Geschäftsfahrzeuge von Grenzgängern","publisher":{"@id":"https:\/\/moneycare.ch\/fr\/#organization"},"potentialAction":[{"@type":"SearchAction","target":{"@type":"EntryPoint","urlTemplate":"https:\/\/moneycare.ch\/fr\/?s={search_term_string}"},"query-input":{"@type":"PropertyValueSpecification","valueRequired":true,"valueName":"search_term_string"}}],"inLanguage":"fr-FR"},{"@type":"Organization","@id":"https:\/\/moneycare.ch\/fr\/#organization","name":"Moneycare AG","url":"https:\/\/moneycare.ch\/fr\/","logo":{"@type":"ImageObject","inLanguage":"fr-FR","@id":"https:\/\/moneycare.ch\/fr\/#\/schema\/logo\/image\/","url":"https:\/\/moneycare.ch\/wp-content\/uploads\/2023\/04\/Logo_rechteckig.png","contentUrl":"https:\/\/moneycare.ch\/wp-content\/uploads\/2023\/04\/Logo_rechteckig.png","width":2500,"height":1500,"caption":"Moneycare AG"},"image":{"@id":"https:\/\/moneycare.ch\/fr\/#\/schema\/logo\/image\/"}}]}</script>
<!-- / Yoast SEO plugin. -->

Combien me coûte le dédouanement de mon véhicule et la récupération de la TVA? - Moneycare AG

EU-Fahrzeugverzollung, Mehrwertsteuerrückerstattung und/oder Mehrwertsteuer-Registrierung für Geschäftsfahrzeuge von Grenzgängern
