{"id":4049,"date":"2023-05-12T14:06:18","date_gmt":"2023-05-12T12:06:18","guid":{"rendered":"https:\/\/moneycare.ch\/faq-items\/quand-faut-il-payer-la-tva-en-autriche\/"},"modified":"2023-05-12T14:06:18","modified_gmt":"2023-05-12T12:06:18","slug":"quand-faut-il-payer-la-tva-en-autriche","status":"publish","type":"avada_faq","link":"https:\/\/moneycare.ch\/fr\/faq-items\/quand-faut-il-payer-la-tva-en-autriche\/","title":{"rendered":"Quand faut-il payer la TVA en Autriche?"},"content":{"rendered":"<p>Achat du v\u00e9hicule: La TVA est pay\u00e9e au taux de 20% et son remboursement ne peut pas \u00eatre demand\u00e9.<\/p>\n<p>V\u00e9hicule en leasing: Dans un premier temps, la TVA est pay\u00e9e au taux de 20%, son remboursement est demand\u00e9 plus tard.<\/p>\n<table style=\"border: 2px solid #00ada4;\" width=\"550\" cellspacing=\"10\" cellpadding=\"10\">\n<tbody>\n<tr style=\"background-color: #dbdbdb; border: 2px solid #00ada4;\">\n<td style=\"text-align: center; border: 1px solid #00ada4;\" width=\"300\"><strong>Pays<\/strong><\/td>\n<td style=\"text-align: center; border: 1px solid #00ada4;\" colspan=\"2\" width=\"250\"><strong>Autriche<\/strong><\/td>\n<\/tr>\n<tr style=\"border: 1px solid #00ada4;\">\n<td style=\"text-align: center; border: 1px solid #00ada4;\" width=\"300\"><strong>Ayant droit \u00e9conomique<\/strong><\/td>\n<td style=\"text-align: center; border: 1px solid #00ada4;\" width=\"125\">Achat<\/td>\n<td style=\"text-align: center; border: 1px solid #00ada4;\" width=\"125\">Leasing<\/td>\n<\/tr>\n<tr style=\"border: 1px solid #00ada4;\">\n<td style=\"text-align: center; border: 1px solid #00ada4;\" width=\"300\"><strong>Demande de remboursement de la TVA possible <\/strong><\/td>\n<td style=\"text-align: center; border: 1px solid #00ada4;\" width=\"125\">Non<\/td>\n<td style=\"text-align: center; border: 1px solid #00ada4;\" width=\"125\">Oui<\/td>\n<\/tr>\n<\/tbody>\n<\/table>\n","protected":false},"excerpt":{"rendered":"<p>Achat du v\u00e9hicule: La TVA est pay\u00e9e au taux de  [&#8230;]<\/p>\n","protected":false},"author":1,"featured_media":0,"menu_order":0,"comment_status":"open","ping_status":"closed","template":"","format":"standard","meta":{"footnotes":""},"faq_category":[],"class_list":["post-4049","avada_faq","type-avada_faq","status-publish","format-standard","hentry"],"yoast_head":"<!-- This site is optimized with the Yoast SEO plugin v27.3 - https:\/\/yoast.com\/product\/yoast-seo-wordpress\/ -->\n<title>Quand faut-il payer la TVA en Autriche? - Moneycare AG<\/title>\n<meta name=\"robots\" content=\"index, follow, max-snippet:-1, max-image-preview:large, max-video-preview:-1\" \/>\n<link rel=\"canonical\" href=\"https:\/\/moneycare.ch\/fr\/faq-items\/quand-faut-il-payer-la-tva-en-autriche\/\" \/>\n<meta property=\"og:locale\" content=\"fr_FR\" \/>\n<meta property=\"og:type\" content=\"article\" \/>\n<meta property=\"og:title\" content=\"Quand faut-il payer la TVA en Autriche? - Moneycare AG\" \/>\n<meta property=\"og:description\" content=\"Achat du v\u00e9hicule: La TVA est pay\u00e9e au taux de [...]\" \/>\n<meta property=\"og:url\" content=\"https:\/\/moneycare.ch\/fr\/faq-items\/quand-faut-il-payer-la-tva-en-autriche\/\" \/>\n<meta property=\"og:site_name\" content=\"Moneycare AG\" \/>\n<meta name=\"twitter:card\" content=\"summary_large_image\" \/>\n<script type=\"application\/ld+json\" class=\"yoast-schema-graph\">{\"@context\":\"https:\\\/\\\/schema.org\",\"@graph\":[{\"@type\":\"WebPage\",\"@id\":\"https:\\\/\\\/moneycare.ch\\\/fr\\\/faq-items\\\/quand-faut-il-payer-la-tva-en-autriche\\\/\",\"url\":\"https:\\\/\\\/moneycare.ch\\\/fr\\\/faq-items\\\/quand-faut-il-payer-la-tva-en-autriche\\\/\",\"name\":\"Quand faut-il payer la TVA en Autriche? - Moneycare AG\",\"isPartOf\":{\"@id\":\"https:\\\/\\\/moneycare.ch\\\/fr\\\/#website\"},\"datePublished\":\"2023-05-12T12:06:18+00:00\",\"breadcrumb\":{\"@id\":\"https:\\\/\\\/moneycare.ch\\\/fr\\\/faq-items\\\/quand-faut-il-payer-la-tva-en-autriche\\\/#breadcrumb\"},\"inLanguage\":\"fr-FR\",\"potentialAction\":[{\"@type\":\"ReadAction\",\"target\":[\"https:\\\/\\\/moneycare.ch\\\/fr\\\/faq-items\\\/quand-faut-il-payer-la-tva-en-autriche\\\/\"]}]},{\"@type\":\"BreadcrumbList\",\"@id\":\"https:\\\/\\\/moneycare.ch\\\/fr\\\/faq-items\\\/quand-faut-il-payer-la-tva-en-autriche\\\/#breadcrumb\",\"itemListElement\":[{\"@type\":\"ListItem\",\"position\":1,\"name\":\"Home\",\"item\":\"https:\\\/\\\/moneycare.ch\\\/fr\\\/accueil\\\/\"},{\"@type\":\"ListItem\",\"position\":2,\"name\":\"FAQs\",\"item\":\"https:\\\/\\\/moneycare.ch\\\/fr\\\/faq-items\\\/\"},{\"@type\":\"ListItem\",\"position\":3,\"name\":\"Quand faut-il payer la TVA en Autriche?\"}]},{\"@type\":\"WebSite\",\"@id\":\"https:\\\/\\\/moneycare.ch\\\/fr\\\/#website\",\"url\":\"https:\\\/\\\/moneycare.ch\\\/fr\\\/\",\"name\":\"Moneycare AG\",\"description\":\"EU-Fahrzeugverzollung, Mehrwertsteuerr\u00fcckerstattung und\\\/oder Mehrwertsteuer-Registrierung f\u00fcr Gesch\u00e4ftsfahrzeuge von Grenzg\u00e4ngern\",\"publisher\":{\"@id\":\"https:\\\/\\\/moneycare.ch\\\/fr\\\/#organization\"},\"potentialAction\":[{\"@type\":\"SearchAction\",\"target\":{\"@type\":\"EntryPoint\",\"urlTemplate\":\"https:\\\/\\\/moneycare.ch\\\/fr\\\/?s={search_term_string}\"},\"query-input\":{\"@type\":\"PropertyValueSpecification\",\"valueRequired\":true,\"valueName\":\"search_term_string\"}}],\"inLanguage\":\"fr-FR\"},{\"@type\":\"Organization\",\"@id\":\"https:\\\/\\\/moneycare.ch\\\/fr\\\/#organization\",\"name\":\"Moneycare AG\",\"url\":\"https:\\\/\\\/moneycare.ch\\\/fr\\\/\",\"logo\":{\"@type\":\"ImageObject\",\"inLanguage\":\"fr-FR\",\"@id\":\"https:\\\/\\\/moneycare.ch\\\/fr\\\/#\\\/schema\\\/logo\\\/image\\\/\",\"url\":\"https:\\\/\\\/moneycare.ch\\\/wp-content\\\/uploads\\\/2023\\\/04\\\/Logo_rechteckig.png\",\"contentUrl\":\"https:\\\/\\\/moneycare.ch\\\/wp-content\\\/uploads\\\/2023\\\/04\\\/Logo_rechteckig.png\",\"width\":2500,\"height\":1500,\"caption\":\"Moneycare AG\"},\"image\":{\"@id\":\"https:\\\/\\\/moneycare.ch\\\/fr\\\/#\\\/schema\\\/logo\\\/image\\\/\"}}]}<\/script>\n<!-- \/ Yoast SEO plugin. -->","yoast_head_json":{"title":"Quand faut-il payer la TVA en Autriche? - Moneycare AG","robots":{"index":"index","follow":"follow","max-snippet":"max-snippet:-1","max-image-preview":"max-image-preview:large","max-video-preview":"max-video-preview:-1"},"canonical":"https:\/\/moneycare.ch\/fr\/faq-items\/quand-faut-il-payer-la-tva-en-autriche\/","og_locale":"fr_FR","og_type":"article","og_title":"Quand faut-il payer la TVA en Autriche? - Moneycare AG","og_description":"Achat du v\u00e9hicule: La TVA est pay\u00e9e au taux de [...]","og_url":"https:\/\/moneycare.ch\/fr\/faq-items\/quand-faut-il-payer-la-tva-en-autriche\/","og_site_name":"Moneycare AG","twitter_card":"summary_large_image","schema":{"@context":"https:\/\/schema.org","@graph":[{"@type":"WebPage","@id":"https:\/\/moneycare.ch\/fr\/faq-items\/quand-faut-il-payer-la-tva-en-autriche\/","url":"https:\/\/moneycare.ch\/fr\/faq-items\/quand-faut-il-payer-la-tva-en-autriche\/","name":"Quand faut-il payer la TVA en Autriche? - Moneycare AG","isPartOf":{"@id":"https:\/\/moneycare.ch\/fr\/#website"},"datePublished":"2023-05-12T12:06:18+00:00","breadcrumb":{"@id":"https:\/\/moneycare.ch\/fr\/faq-items\/quand-faut-il-payer-la-tva-en-autriche\/#breadcrumb"},"inLanguage":"fr-FR","potentialAction":[{"@type":"ReadAction","target":["https:\/\/moneycare.ch\/fr\/faq-items\/quand-faut-il-payer-la-tva-en-autriche\/"]}]},{"@type":"BreadcrumbList","@id":"https:\/\/moneycare.ch\/fr\/faq-items\/quand-faut-il-payer-la-tva-en-autriche\/#breadcrumb","itemListElement":[{"@type":"ListItem","position":1,"name":"Home","item":"https:\/\/moneycare.ch\/fr\/accueil\/"},{"@type":"ListItem","position":2,"name":"FAQs","item":"https:\/\/moneycare.ch\/fr\/faq-items\/"},{"@type":"ListItem","position":3,"name":"Quand faut-il payer la TVA en Autriche?"}]},{"@type":"WebSite","@id":"https:\/\/moneycare.ch\/fr\/#website","url":"https:\/\/moneycare.ch\/fr\/","name":"Moneycare AG","description":"EU-Fahrzeugverzollung, Mehrwertsteuerr\u00fcckerstattung und\/oder Mehrwertsteuer-Registrierung f\u00fcr Gesch\u00e4ftsfahrzeuge von Grenzg\u00e4ngern","publisher":{"@id":"https:\/\/moneycare.ch\/fr\/#organization"},"potentialAction":[{"@type":"SearchAction","target":{"@type":"EntryPoint","urlTemplate":"https:\/\/moneycare.ch\/fr\/?s={search_term_string}"},"query-input":{"@type":"PropertyValueSpecification","valueRequired":true,"valueName":"search_term_string"}}],"inLanguage":"fr-FR"},{"@type":"Organization","@id":"https:\/\/moneycare.ch\/fr\/#organization","name":"Moneycare AG","url":"https:\/\/moneycare.ch\/fr\/","logo":{"@type":"ImageObject","inLanguage":"fr-FR","@id":"https:\/\/moneycare.ch\/fr\/#\/schema\/logo\/image\/","url":"https:\/\/moneycare.ch\/wp-content\/uploads\/2023\/04\/Logo_rechteckig.png","contentUrl":"https:\/\/moneycare.ch\/wp-content\/uploads\/2023\/04\/Logo_rechteckig.png","width":2500,"height":1500,"caption":"Moneycare AG"},"image":{"@id":"https:\/\/moneycare.ch\/fr\/#\/schema\/logo\/image\/"}}]}},"_links":{"self":[{"href":"https:\/\/moneycare.ch\/fr\/wp-json\/wp\/v2\/avada_faq\/4049","targetHints":{"allow":["GET"]}}],"collection":[{"href":"https:\/\/moneycare.ch\/fr\/wp-json\/wp\/v2\/avada_faq"}],"about":[{"href":"https:\/\/moneycare.ch\/fr\/wp-json\/wp\/v2\/types\/avada_faq"}],"author":[{"embeddable":true,"href":"https:\/\/moneycare.ch\/fr\/wp-json\/wp\/v2\/users\/1"}],"replies":[{"embeddable":true,"href":"https:\/\/moneycare.ch\/fr\/wp-json\/wp\/v2\/comments?post=4049"}],"version-history":[{"count":0,"href":"https:\/\/moneycare.ch\/fr\/wp-json\/wp\/v2\/avada_faq\/4049\/revisions"}],"wp:attachment":[{"href":"https:\/\/moneycare.ch\/fr\/wp-json\/wp\/v2\/media?parent=4049"}],"wp:term":[{"taxonomy":"faq_category","embeddable":true,"href":"https:\/\/moneycare.ch\/fr\/wp-json\/wp\/v2\/faq_category?post=4049"}],"curies":[{"name":"wp","href":"https:\/\/api.w.org\/{rel}","templated":true}]}}

<p>Achat du véhicule: La TVA est payée au taux de 20% et son remboursement ne peut pas être demandé.</p>
<p>Véhicule en leasing: Dans un premier temps, la TVA est payée au taux de 20%, son remboursement est demandé plus tard.</p>
<table style="border: 2px solid #00ada4;" width="550" cellspacing="10" cellpadding="10">
<tbody>
<tr style="background-color: #dbdbdb; border: 2px solid #00ada4;">
<td style="text-align: center; border: 1px solid #00ada4;" width="300"><strong>Pays</strong></td>
<td style="text-align: center; border: 1px solid #00ada4;" colspan="2" width="250"><strong>Autriche</strong></td>
</tr>
<tr style="border: 1px solid #00ada4;">
<td style="text-align: center; border: 1px solid #00ada4;" width="300"><strong>Ayant droit économique</strong></td>
<td style="text-align: center; border: 1px solid #00ada4;" width="125">Achat</td>
<td style="text-align: center; border: 1px solid #00ada4;" width="125">Leasing</td>
</tr>
<tr style="border: 1px solid #00ada4;">
<td style="text-align: center; border: 1px solid #00ada4;" width="300"><strong>Demande de remboursement de la TVA possible </strong></td>
<td style="text-align: center; border: 1px solid #00ada4;" width="125">Non</td>
<td style="text-align: center; border: 1px solid #00ada4;" width="125">Oui</td>
</tr>
</tbody>
</table>

<p>Achat du véhicule: La TVA est payée au taux de  [&#8230;]</p>

<!-- This site is optimized with the Yoast SEO plugin v27.3 - https://yoast.com/product/yoast-seo-wordpress/ -->
<title>Quand faut-il payer la TVA en Autriche? - Moneycare AG</title>
<meta name="robots" content="index, follow, max-snippet:-1, max-image-preview:large, max-video-preview:-1" />
<link rel="canonical" href="https://moneycare.ch/fr/faq-items/quand-faut-il-payer-la-tva-en-autriche/" />
<meta property="og:locale" content="fr_FR" />
<meta property="og:type" content="article" />
<meta property="og:title" content="Quand faut-il payer la TVA en Autriche? - Moneycare AG" />
<meta property="og:description" content="Achat du véhicule: La TVA est payée au taux de [...]" />
<meta property="og:url" content="https://moneycare.ch/fr/faq-items/quand-faut-il-payer-la-tva-en-autriche/" />
<meta property="og:site_name" content="Moneycare AG" />
<meta name="twitter:card" content="summary_large_image" />
<script type="application/ld+json" class="yoast-schema-graph">{"@context":"https:\/\/schema.org","@graph":[{"@type":"WebPage","@id":"https:\/\/moneycare.ch\/fr\/faq-items\/quand-faut-il-payer-la-tva-en-autriche\/","url":"https:\/\/moneycare.ch\/fr\/faq-items\/quand-faut-il-payer-la-tva-en-autriche\/","name":"Quand faut-il payer la TVA en Autriche? - Moneycare AG","isPartOf":{"@id":"https:\/\/moneycare.ch\/fr\/#website"},"datePublished":"2023-05-12T12:06:18+00:00","breadcrumb":{"@id":"https:\/\/moneycare.ch\/fr\/faq-items\/quand-faut-il-payer-la-tva-en-autriche\/#breadcrumb"},"inLanguage":"fr-FR","potentialAction":[{"@type":"ReadAction","target":["https:\/\/moneycare.ch\/fr\/faq-items\/quand-faut-il-payer-la-tva-en-autriche\/"]}]},{"@type":"BreadcrumbList","@id":"https:\/\/moneycare.ch\/fr\/faq-items\/quand-faut-il-payer-la-tva-en-autriche\/#breadcrumb","itemListElement":[{"@type":"ListItem","position":1,"name":"Home","item":"https:\/\/moneycare.ch\/fr\/accueil\/"},{"@type":"ListItem","position":2,"name":"FAQs","item":"https:\/\/moneycare.ch\/fr\/faq-items\/"},{"@type":"ListItem","position":3,"name":"Quand faut-il payer la TVA en Autriche?"}]},{"@type":"WebSite","@id":"https:\/\/moneycare.ch\/fr\/#website","url":"https:\/\/moneycare.ch\/fr\/","name":"Moneycare AG","description":"EU-Fahrzeugverzollung, Mehrwertsteuerrückerstattung und\/oder Mehrwertsteuer-Registrierung für Geschäftsfahrzeuge von Grenzgängern","publisher":{"@id":"https:\/\/moneycare.ch\/fr\/#organization"},"potentialAction":[{"@type":"SearchAction","target":{"@type":"EntryPoint","urlTemplate":"https:\/\/moneycare.ch\/fr\/?s={search_term_string}"},"query-input":{"@type":"PropertyValueSpecification","valueRequired":true,"valueName":"search_term_string"}}],"inLanguage":"fr-FR"},{"@type":"Organization","@id":"https:\/\/moneycare.ch\/fr\/#organization","name":"Moneycare AG","url":"https:\/\/moneycare.ch\/fr\/","logo":{"@type":"ImageObject","inLanguage":"fr-FR","@id":"https:\/\/moneycare.ch\/fr\/#\/schema\/logo\/image\/","url":"https:\/\/moneycare.ch\/wp-content\/uploads\/2023\/04\/Logo_rechteckig.png","contentUrl":"https:\/\/moneycare.ch\/wp-content\/uploads\/2023\/04\/Logo_rechteckig.png","width":2500,"height":1500,"caption":"Moneycare AG"},"image":{"@id":"https:\/\/moneycare.ch\/fr\/#\/schema\/logo\/image\/"}}]}</script>
<!-- / Yoast SEO plugin. -->

Achat du véhicule: La TVA est payée au taux de [...]

EU-Fahrzeugverzollung, Mehrwertsteuerrückerstattung und/oder Mehrwertsteuer-Registrierung für Geschäftsfahrzeuge von Grenzgängern
